3676?
6
What is the hundred thousands digit of 1636705?
6
What is the ten thousands digit of 3261243?
6
What is the units digit of 916598?
8
What is the thousands digit of 3307479?
7
What is the units digit of 625147?
7
What is the units digit of 38269?
9
What is the thousands digit of 225515?
5
What is the thousands digit of 17937552?
7
What is the hundreds digit of 39797?
7
What is the units digit of 8473347?
7
What is the units digit of 4281024?
4
What is the hundreds digit of 246265?
2
What is the thousands digit of 1332368?
2
What is the hundreds digit of 996049?
0
What is the thousands digit of 37261744?
1
What is the hundred thousands digit of 865623?
8
What is the units digit of 6407401?
1
What is the millions digit of 5446447?
5
What is the hundred thousands digit of 160448?
1
What is the thousands digit of 13096642?
6
What is the units digit of 309585?
5
What is the thousands digit of 87329?
7
What is the hundreds digit of 54476?
4
What is the ten thousands digit of 234329?
3
What is the units digit of 5297960?
0
What is the thousands digit of 876761?
6
What is the units digit of 224516?
6
What is the hundreds digit of 14743318?
3
What is the units digit of 353235?
5
What is the ten thousands digit of 469424?
6
What is the tens digit of 14512577?
7
What is the hundreds digit of 810414?
4
What is the units digit of 458804?
4
What is the hundreds digit of 679260?
2
What is the ten thousands digit of 797410?
9
What is the thousands digit of 141454?
1
What is the thousands digit of 417016?
7
What is the hundreds digit of 984596?
5
What is the ten thousands digit of 17287413?
8
What is the thousands digit of 403358?
3
What is the tens digit of 49008?
0
What is the ten thousands digit of 93323?
9
What is the hundred thousands digit of 820634?
8
What is the hundreds digit of 9951850?
8
What is the millions digit of 26785350?
6
What is the tens digit of 25656759?
5
What is the hundred thousands digit of 17594051?
5
What is the hundreds digit of 27107851?
8
What is the hundred thousands digit of 456560?
4
What is the ten thousands digit of 896303?
9
What is the hundreds digit of 18477709?
7
What is the millions digit of 4150347?
4
What is the hundred thousands digit of 9450089?
4
What is the tens digit of 924724?
2
What is the millions digit of 1137292?
1
What is the hundreds digit of 1454496?
4
What is the hundreds digit of 2654305?
3
What is the tens digit of 433357?
5
What is the tens digit of 10152?
5
What is the hundred thousands digit of 1757590?
7
What is the hundred thousands digit of 358730?
3
What is the ten millions digit of 12957220?
1
What is the tens digit of 1997631?
3
What is the thousands digit of 783607?
3
What is the hundreds digit of 17380042?
0
What is the millions digit of 2086195?
2
What is the millions digit of 1332074?
1
What is the tens digit of 6098436?
3
What is the ten millions digit of 34296784?
3
What is the thousands digit of 462886?
2
What is the units digit of 9450052?
2
What is the units digit of 19628368?
8
What is the hundred thousands digit of 857791?
8
What is the ten thousands digit of 623379?
2
What is the units digit of 5840610?
0
What is the thousands digit of 8764753?
4
What is the thousands digit of 4209259?
9
What is the millions digit of 8694860?
8
What is the millions digit of 2576864?
2
What is the hundreds digit of 7231291?
2
What is the ten millions digit of 19380052?
1
What is the hundreds digit of 6029?
0
What is the millions digit of 1792694?
1
What is the ten thousands digit of 7698545?
9
What is the ten thousands digit of 2786845?
8
What is the tens digit of 255224?
2
What is the tens digit of 365193?
9
What is the tens digit of 604816?
1
What is the thousands digit of 8816614?
6
What is the ten thousands digit of 8630288?
3
What is the units digit of 3059891?
1
What is the thousands digit of 1301306?
1
What is the ten thousands digit of 11089631?
8
What is the units digit of 3637481?
1
What is the hundreds digit of 8045737?
7
What is the ten thousands digit of 290165?
9
What is the hundred thousands digit of 308191?
3
What is the tens digit of 2387977?
7
What is the hundreds digit of 339830?
8
What is the tens digit of 111593?
9
What is the ten thousands digit of 5856317?
5
What is the millions digit of 34831164?
4
What is the thousands digit of 21222514?
2
What is the units digit of 125722?
2
What is the units digit of 454149?
9
What is the millions digit of 39319825?
9
What is the ten thousands digit of 293335?
9
What is the thousands digit of 10051805?
1
What is the millions digit of 2278864?
2
What is the tens digit of 2295743?
4
What is the units digit of 302009?
9
What is the millions digit of 5623021?
5
What is the tens digit of 347262?
6
What is the hundreds digit of 223008?
0
What is the hundred thousands digit of 151652?
1
What is the thousands digit of 111712?
1
What is the hundreds digit of 126558?
5
What is the hundreds digit of 3515441?
4
What is the ten thousands digit of 1206566?
0
What is the hundred thousands digit of 107773?
1
What is the ten thousands digit of 336145?
3
What is the thousands digit of 14826024?
6
What is the tens digit of 639643?
4
What is the hundreds digit of 4076626?
6
What is the hundreds digit of 472768?
7
What is the millions digit of 2786321?
2
What is the hundred thousands digit of 1724167?
7
What is the millions digit of 3813321?
3
What is the hundreds digit of 3088166?
1
What is the thousands digit of 2943941?
3
What is the hundred thousands digit of 3744521?
7
What is the tens digit of 878054?
5
What is the millions digit of 1000746?
1
What is the hundreds digit of 407624?
6
What is the millions digit of 2274830?
2
What is the millions digit of 3080739?
3
What is the hundred thousands digit of 15680253?
6
What is the units digit of 1576331?
1
What is the units digit of 197794?
4
What is the units digit of 82354?
4
What is the units digit of 19567825?
5
What is the units digit of 405079?
9
What is the ten millions digit of 21054191?
2
What is the thousands digit of 318281?
8
What is the tens digit of 3200643?
4
What is the ten thousands digit of 2800299?
0
What is the units digit of 665894?
4
What is the thousands digit of 2924758?
4
What is the ten thousands digit of 133835?
3
What is the ten thousands digit of 12228189?
2
What is the ten thousands digit of 541583?
4
What is the hundred thousands digit of 1137503?
1
What is the units digit of 46544?
4
What is the millions digit of 1013972?
1
What is the hundred thousands digit of 124845?
1
What is the ten thousands digit of 2820758?
2
What is the hundreds digit of 249181?
1
What is the units digit of 1133300?
0
What is the millions digit of 9012793?
9
What is the units digit of 1181943?
3
What is the hundreds digit of 1062411?
4
What is the ten millions digit of 16943893?
1
What is the ten thousands digit of 17815663?
1
What is the millions digit of 12115413?
2
What is the ten thousands digit of 2612066?
1
What is the hundreds digit of 286504?
5
What is the hundreds digit of 952396?
3
What is the thousands digit of 5301025?
1
What is the ten thousands digit of 109422?
0
What is the ten thousands digit of 109627?
0
What is the thousands digit of 2967847?
7
What is the tens digit of 1440420?
2
What is the hundreds digit of 873030?
0
What is the thousands digit of 248895?
8
What is the units digit of 2359962?
2
What is the ten thousands digit of 1347354?
4
What is the tens digit of 619593?
9
What is the tens digit of 489424?
2
What is the thousands digit of 559188?
9
What is the hundreds digit of 562940?
9
What is the ten thousands digit of 2430824?
3
What is the ten thousands digit of 14344647?
4
What is the hundreds digit of 20677?
6
What is the units digit of 329786?
6
What is the thousands digit of 29379?
9
What is the units digit of 186408?
8
What is the ten thousands digit of 1149758?
4
What is the hundred thousands digit of 1960668?
9
What is the tens digit of 10932679?
7
What is the hundred thousands digit of 266067?
2
What is the ten thousands digit of 1626707?
2
What is the hundred thousands digit of 5920534?
9
What is the hundreds digit of 138222?
2
What is the ten thousands digit of 235431?
3
What is the millions digit of 4298247?
4
What is the units digit of 239959?
9
What is